{"id":1612,"date":"2016-05-06T10:15:47","date_gmt":"2016-05-06T15:15:47","guid":{"rendered":"http:\/\/coreco.org.mx\/wordpress\/?page_id=1612"},"modified":"2024-09-18T07:54:32","modified_gmt":"2024-09-18T13:54:32","slug":"articulacion","status":"publish","type":"page","link":"https:\/\/coreco.org.mx\/wordpress\/articulacion\/","title":{"rendered":"Articulaci\u00f3n"},"content":{"rendered":"<p>&nbsp;<\/p>\n<p><a href=\"https:\/\/coreco.org.mx\/wordpress\/wp-content\/uploads\/5ta-scaled.jpg\"><img loading=\"lazy\" decoding=\"async\" class=\" wp-image-2252 alignleft\" src=\"https:\/\/coreco.org.mx\/wordpress\/wp-content\/uploads\/5ta-300x200.jpg\" alt=\"\" width=\"449\" height=\"300\" srcset=\"https:\/\/coreco.org.mx\/wordpress\/wp-content\/uploads\/5ta-300x200.jpg 300w, https:\/\/coreco.org.mx\/wordpress\/wp-content\/uploads\/5ta-1024x683.jpg 1024w, https:\/\/coreco.org.mx\/wordpress\/wp-content\/uploads\/5ta-1536x1024.jpg 1536w, https:\/\/coreco.org.mx\/wordpress\/wp-content\/uploads\/5ta-2048x1365.jpg 2048w\" sizes=\"auto, (max-width: 449px) 100vw, 449px\" \/><\/a><\/p>\n<p>&nbsp;<\/p>\n<p>&nbsp;<\/p>\n<blockquote>\n<p style=\"text-align: center;\"><strong>La articulaci\u00f3n es el camino que entronca con las veredas donde quepan muchos mundos,<\/strong><\/p>\n<p style=\"text-align: center;\"><strong>la articulaci\u00f3n<\/strong> <strong>local y global fortalece y crea alternativas sociales desde las y los <\/strong><\/p>\n<p style=\"text-align: center;\"><strong>sujetos de su propia historia para la transformaci\u00f3n social.<\/strong><\/p>\n<\/blockquote>\n<p>&nbsp;<\/p>\n<p>&nbsp;<\/p>\n<p>&nbsp;<\/p>\n<p>&nbsp;<\/p>\n<p>&nbsp;<\/p>\n<p>Procesos de articulaci\u00f3n que fortalecen y crean alternativas sociales en la construcci\u00f3n de paz:<\/p>\n<ul>\n<li>Comunitarios y\/o regionales.<\/li>\n<li>Coordinando esfuerzos con organizaciones de la sociedad civil, locales y regionales.<\/li>\n<li>Articular esfuerzos regionales, nacionales e internacionales en el trabajo de paz, di\u00e1logo, prevenci\u00f3n de conflictos y de solidaridad en situaciones de violencia estructural.<\/li>\n<\/ul>\n<p>&nbsp;<\/p>\n<p><img loading=\"lazy\" decoding=\"async\" class=\"wp-image-975 alignnone\" src=\"https:\/\/coreco.org.mx\/wordpress\/wp-content\/uploads\/2010\/02\/50-aniv-jtatik-292-300x199.jpg\" alt=\"50 aniv jtatik 292\" width=\"436\" height=\"289\" srcset=\"https:\/\/coreco.org.mx\/wordpress\/wp-content\/uploads\/2010\/02\/50-aniv-jtatik-292-300x199.jpg 300w, https:\/\/coreco.org.mx\/wordpress\/wp-content\/uploads\/2010\/02\/50-aniv-jtatik-292-1024x680.jpg 1024w\" sizes=\"auto, (max-width: 436px) 100vw, 436px\" \/><\/p>\n<p>&nbsp;<\/p>\n<p><strong>Participamos en:<\/strong><\/p>\n<ul>\n<li>Reconocimiento jTatic Samuel jCanan Lum.<\/li>\n<li>Pueblo Creyente de la Di\u00f3cesis de San Crist\u00f3bal de Las Casas.<\/li>\n<li>Red por la Paz y GPPAC<\/li>\n<li>Encuentros de Constructores y Constructoras de Paz y Reconciliaci\u00f3n.<\/li>\n<li>Red de Acompa\u00f1amiento a la pastoral de la Madre Tierra (RAMAT)<\/li>\n<li>Diversos espacios como congresos, foros, encuentros, caravanas de paz, misiones civiles de observaci\u00f3n y otros.<\/li>\n<\/ul>\n<p>&nbsp;<\/p>\n<p><a href=\"https:\/\/coreco.org.mx\/wordpress\/wp-content\/uploads\/IMG_0733-scaled.jpg\"><img loading=\"lazy\" decoding=\"async\" class=\" wp-image-2236 alignnone\" src=\"https:\/\/coreco.org.mx\/wordpress\/wp-content\/uploads\/IMG_0733-300x200.jpg\" alt=\"\" width=\"830\" height=\"553\" srcset=\"https:\/\/coreco.org.mx\/wordpress\/wp-content\/uploads\/IMG_0733-300x200.jpg 300w, https:\/\/coreco.org.mx\/wordpress\/wp-content\/uploads\/IMG_0733-1024x683.jpg 1024w, https:\/\/coreco.org.mx\/wordpress\/wp-content\/uploads\/IMG_0733-1536x1024.jpg 1536w, https:\/\/coreco.org.mx\/wordpress\/wp-content\/uploads\/IMG_0733-2048x1365.jpg 2048w\" sizes=\"auto, (max-width: 830px) 100vw, 830px\" \/><\/a><\/p>\n","protected":false},"excerpt":{"rendered":"<p>&nbsp; &nbsp; &nbsp; La articulaci\u00f3n es el camino que entronca con las veredas donde quepan muchos mundos, la articulaci\u00f3n local y global fortalece y crea alternativas sociales desde las y los sujetos de su propia historia para la transformaci\u00f3n social. &nbsp; &nbsp; &nbsp; &nbsp; &nbsp; Procesos de articulaci\u00f3n que fortalecen y crean alternativas sociales en la construcci\u00f3n de paz: Comunitarios y\/o regionales. Coordinando esfuerzos con organizaciones de la sociedad civil, locales y regionales. Articular esfuerzos regionales, nacionales e internacionales en el trabajo de paz, di\u00e1logo, prevenci\u00f3n de conflictos y de solidaridad en situaciones de violencia estructural. &nbsp; &nbsp; Participamos en:&#8230;<\/p>\n","protected":false},"author":1,"featured_media":0,"parent":0,"menu_order":0,"comment_status":"closed","ping_status":"closed","template":"","meta":{"footnotes":""},"class_list":["post-1612","page","type-page","status-publish","hentry"],"_links":{"self":[{"href":"https:\/\/coreco.org.mx\/wordpress\/wp-json\/wp\/v2\/pages\/1612","targetHints":{"allow":["GET"]}}],"collection":[{"href":"https:\/\/coreco.org.mx\/wordpress\/wp-json\/wp\/v2\/pages"}],"about":[{"href":"https:\/\/coreco.org.mx\/wordpress\/wp-json\/wp\/v2\/types\/page"}],"author":[{"embeddable":true,"href":"https:\/\/coreco.org.mx\/wordpress\/wp-json\/wp\/v2\/users\/1"}],"replies":[{"embeddable":true,"href":"https:\/\/coreco.org.mx\/wordpress\/wp-json\/wp\/v2\/comments?post=1612"}],"version-history":[{"count":13,"href":"https:\/\/coreco.org.mx\/wordpress\/wp-json\/wp\/v2\/pages\/1612\/revisions"}],"predecessor-version":[{"id":2296,"href":"https:\/\/coreco.org.mx\/wordpress\/wp-json\/wp\/v2\/pages\/1612\/revisions\/2296"}],"wp:attachment":[{"href":"https:\/\/coreco.org.mx\/wordpress\/wp-json\/wp\/v2\/media?parent=1612"}],"curies":[{"name":"wp","href":"https:\/\/api.w.org\/{rel}","templated":true}]}}

Articulación

<p>&nbsp;</p>
<p><a href="https://coreco.org.mx/wordpress/wp-content/uploads/5ta-scaled.jpg"><img loading="lazy" decoding="async" class=" wp-image-2252 alignleft" src="https://coreco.org.mx/wordpress/wp-content/uploads/5ta-300x200.jpg" alt="" width="449" height="300" srcset="https://coreco.org.mx/wordpress/wp-content/uploads/5ta-300x200.jpg 300w, https://coreco.org.mx/wordpress/wp-content/uploads/5ta-1024x683.jpg 1024w, https://coreco.org.mx/wordpress/wp-content/uploads/5ta-1536x1024.jpg 1536w, https://coreco.org.mx/wordpress/wp-content/uploads/5ta-2048x1365.jpg 2048w" sizes="auto, (max-width: 449px) 100vw, 449px" /></a></p>
<p>&nbsp;</p>
<p>&nbsp;</p>
<blockquote>
<p style="text-align: center;"><strong>La articulación es el camino que entronca con las veredas donde quepan muchos mundos,</strong></p>
<p style="text-align: center;"><strong>la articulación</strong> <strong>local y global fortalece y crea alternativas sociales desde las y los </strong></p>
<p style="text-align: center;"><strong>sujetos de su propia historia para la transformación social.</strong></p>
</blockquote>
<p>&nbsp;</p>
<p>&nbsp;</p>
<p>&nbsp;</p>
<p>&nbsp;</p>
<p>&nbsp;</p>
<p>Procesos de articulación que fortalecen y crean alternativas sociales en la construcción de paz:</p>
<ul>
<li>Comunitarios y/o regionales.</li>
<li>Coordinando esfuerzos con organizaciones de la sociedad civil, locales y regionales.</li>
<li>Articular esfuerzos regionales, nacionales e internacionales en el trabajo de paz, diálogo, prevención de conflictos y de solidaridad en situaciones de violencia estructural.</li>
</ul>
<p>&nbsp;</p>
<p><img loading="lazy" decoding="async" class="wp-image-975 alignnone" src="https://coreco.org.mx/wordpress/wp-content/uploads/2010/02/50-aniv-jtatik-292-300x199.jpg" alt="50 aniv jtatik 292" width="436" height="289" srcset="https://coreco.org.mx/wordpress/wp-content/uploads/2010/02/50-aniv-jtatik-292-300x199.jpg 300w, https://coreco.org.mx/wordpress/wp-content/uploads/2010/02/50-aniv-jtatik-292-1024x680.jpg 1024w" sizes="auto, (max-width: 436px) 100vw, 436px" /></p>
<p>&nbsp;</p>
<p><strong>Participamos en:</strong></p>
<ul>
<li>Reconocimiento jTatic Samuel jCanan Lum.</li>
<li>Pueblo Creyente de la Diócesis de San Cristóbal de Las Casas.</li>
<li>Red por la Paz y GPPAC</li>
<li>Encuentros de Constructores y Constructoras de Paz y Reconciliación.</li>
<li>Red de Acompañamiento a la pastoral de la Madre Tierra (RAMAT)</li>
<li>Diversos espacios como congresos, foros, encuentros, caravanas de paz, misiones civiles de observación y otros.</li>
</ul>
<p>&nbsp;</p>
<p><a href="https://coreco.org.mx/wordpress/wp-content/uploads/IMG_0733-scaled.jpg"><img loading="lazy" decoding="async" class=" wp-image-2236 alignnone" src="https://coreco.org.mx/wordpress/wp-content/uploads/IMG_0733-300x200.jpg" alt="" width="830" height="553" srcset="https://coreco.org.mx/wordpress/wp-content/uploads/IMG_0733-300x200.jpg 300w, https://coreco.org.mx/wordpress/wp-content/uploads/IMG_0733-1024x683.jpg 1024w, https://coreco.org.mx/wordpress/wp-content/uploads/IMG_0733-1536x1024.jpg 1536w, https://coreco.org.mx/wordpress/wp-content/uploads/IMG_0733-2048x1365.jpg 2048w" sizes="auto, (max-width: 830px) 100vw, 830px" /></a></p>

<p>&nbsp; &nbsp; &nbsp; La articulación es el camino que entronca con las veredas donde quepan muchos mundos, la articulación local y global fortalece y crea alternativas sociales desde las y los sujetos de su propia historia para la transformación social. &nbsp; &nbsp; &nbsp; &nbsp; &nbsp; Procesos de articulación que fortalecen y crean alternativas sociales en la construcción de paz: Comunitarios y/o regionales. Coordinando esfuerzos con organizaciones de la sociedad civil, locales y regionales. Articular esfuerzos regionales, nacionales e internacionales en el trabajo de paz, diálogo, prevención de conflictos y de solidaridad en situaciones de violencia estructural. &nbsp; &nbsp; Participamos en:&#8230;</p>
