{"id":342,"date":"2009-09-07T11:57:51","date_gmt":"2009-09-07T16:57:51","guid":{"rendered":"http:\/\/coreco.org.mx\/wordpress\/?page_id=342"},"modified":"2009-09-07T20:51:25","modified_gmt":"2009-09-08T01:51:25","slug":"conflicto-en-mexico","status":"publish","type":"page","link":"https:\/\/coreco.org.mx\/wordpress\/about\/conflicto-en-mexico\/","title":{"rendered":"Conflicto en Chiapas"},"content":{"rendered":"<p style=\"text-align: center;\"><strong><span style=\"color: #000080;\"><em>La paz es fruto de la justicia<br \/>\nno de la ley del m\u00e1s fuerte<\/em><\/span><\/strong>.<\/p>\n<p style=\"text-align: justify;\">En Coreco Afirmamos que en Chiapas S\u00cd vivimos una situaci\u00f3n de guerra y de conflicto generalizado. Vivimos la aceleraci\u00f3n y multiplicaci\u00f3n de los conflictos. Y ante esto, los grupos en el poder solamente buscan soluciones a corto plazo, s\u00f3lo administran el conflicto, sin pretender resolverlo: no pueden admitirlo ni reprimirlo, menos a\u00fan resolverlo.<\/p>\n","protected":false},"excerpt":{"rendered":"<p>La paz es fruto de la justicia no de la ley del m\u00e1s fuerte. En Coreco Afirmamos que en Chiapas S\u00cd vivimos una situaci\u00f3n de guerra y de conflicto generalizado. Vivimos la aceleraci\u00f3n y multiplicaci\u00f3n de los conflictos. Y ante esto, los grupos en el poder solamente buscan soluciones a corto plazo, s\u00f3lo administran el conflicto, sin pretender resolverlo: no pueden admitirlo ni reprimirlo, menos a\u00fan resolverlo.<\/p>\n","protected":false},"author":1,"featured_media":0,"parent":2,"menu_order":1,"comment_status":"open","ping_status":"open","template":"","meta":{"footnotes":""},"class_list":["post-342","page","type-page","status-publish","hentry"],"_links":{"self":[{"href":"https:\/\/coreco.org.mx\/wordpress\/wp-json\/wp\/v2\/pages\/342","targetHints":{"allow":["GET"]}}],"collection":[{"href":"https:\/\/coreco.org.mx\/wordpress\/wp-json\/wp\/v2\/pages"}],"about":[{"href":"https:\/\/coreco.org.mx\/wordpress\/wp-json\/wp\/v2\/types\/page"}],"author":[{"embeddable":true,"href":"https:\/\/coreco.org.mx\/wordpress\/wp-json\/wp\/v2\/users\/1"}],"replies":[{"embeddable":true,"href":"https:\/\/coreco.org.mx\/wordpress\/wp-json\/wp\/v2\/comments?post=342"}],"version-history":[{"count":2,"href":"https:\/\/coreco.org.mx\/wordpress\/wp-json\/wp\/v2\/pages\/342\/revisions"}],"predecessor-version":[{"id":359,"href":"https:\/\/coreco.org.mx\/wordpress\/wp-json\/wp\/v2\/pages\/342\/revisions\/359"}],"up":[{"embeddable":true,"href":"https:\/\/coreco.org.mx\/wordpress\/wp-json\/wp\/v2\/pages\/2"}],"wp:attachment":[{"href":"https:\/\/coreco.org.mx\/wordpress\/wp-json\/wp\/v2\/media?parent=342"}],"curies":[{"name":"wp","href":"https:\/\/api.w.org\/{rel}","templated":true}]}}

<p style="text-align: center;"><strong><span style="color: #000080;"><em>La paz es fruto de la justicia<br />
no de la ley del más fuerte</em></span></strong>.</p>
<p style="text-align: justify;">En Coreco Afirmamos que en Chiapas SÍ vivimos una situación de guerra y de conflicto generalizado. Vivimos la aceleración y multiplicación de los conflictos. Y ante esto, los grupos en el poder solamente buscan soluciones a corto plazo, sólo administran el conflicto, sin pretender resolverlo: no pueden admitirlo ni reprimirlo, menos aún resolverlo.</p>

<p>La paz es fruto de la justicia no de la ley del más fuerte. En Coreco Afirmamos que en Chiapas SÍ vivimos una situación de guerra y de conflicto generalizado. Vivimos la aceleración y multiplicación de los conflictos. Y ante esto, los grupos en el poder solamente buscan soluciones a corto plazo, sólo administran el conflicto, sin pretender resolverlo: no pueden admitirlo ni reprimirlo, menos aún resolverlo.</p>
