{"id":53,"date":"2009-07-24T11:17:29","date_gmt":"2009-07-24T16:17:29","guid":{"rendered":"http:\/\/localhost\/wordpress\/?page_id=53"},"modified":"2020-03-11T12:32:08","modified_gmt":"2020-03-11T18:32:08","slug":"nuestro-logotipo","status":"publish","type":"page","link":"https:\/\/coreco.org.mx\/wordpress\/coreco-comision-de-apoyo-a-la-unidad-y-reconciliacion-comunitaria\/nuestro-logotipo\/","title":{"rendered":"Nuestro Logotipo"},"content":{"rendered":"<p lang=\"es-SV\" align=\"justify\"><span style=\"font-family: Times New Roman,serif;\"><span style=\"font-size: medium;\"><span style=\"font-family: Comic Sans MS,cursive;\"><span style=\"font-size: large;\"><img loading=\"lazy\" decoding=\"async\" class=\"size-medium wp-image-1532 alignleft\" src=\"https:\/\/coreco.org.mx\/wordpress\/wp-content\/uploads\/logotipo-300x300.png\" alt=\"logotipo\" width=\"300\" height=\"300\" srcset=\"https:\/\/coreco.org.mx\/wordpress\/wp-content\/uploads\/logotipo-300x300.png 300w, https:\/\/coreco.org.mx\/wordpress\/wp-content\/uploads\/logotipo-150x150.png 150w, https:\/\/coreco.org.mx\/wordpress\/wp-content\/uploads\/logotipo.png 514w\" sizes=\"auto, (max-width: 300px) 100vw, 300px\" \/><\/span><\/span><\/span><\/span><\/p>\n<p lang=\"es-SV\" align=\"justify\">\n<p lang=\"es-SV\" align=\"justify\"><span style=\"font-family: Times New Roman,serif;\"><span style=\"font-size: medium;\"><span style=\"font-family: Comic Sans MS,cursive;\"><span style=\"font-size: large;\">Nuestra fecha de fundaci\u00f3n en el calendario Gregoriano es el <\/span><\/span><strong><span style=\"font-family: Comic Sans MS,cursive;\"><span style=\"font-size: large;\">8 de julio de 1996<\/span><\/span><\/strong><span style=\"font-family: Comic Sans MS,cursive;\"><span style=\"font-size: large;\">, la cual corresponde al d\u00eda 13 Tz\u00b4i en el calendario maya (Tzolkin).<\/span><\/span><\/span><\/span><\/p>\n<p lang=\"es-SV\" align=\"justify\"><span style=\"font-family: Comic Sans MS,cursive;\"><span style=\"font-size: large;\">El d\u00eda TZ\u2019I refiere a: perro, secretario, escritura, justicia, fidelidad, orden, autoridad, guardi\u00e1n de la ley y espiritual. Es el guardi\u00e1n de los cerros y las monta\u00f1as, de las veredas y barrancos, de la justicia y de la vida material y de la vida espiritual. Es gu\u00eda espiritual, noble y practica la justicia social.<\/span><\/span><\/p>\n<p lang=\"es-SV\" align=\"justify\"><span style=\"font-family: Comic Sans MS,cursive;\"><span style=\"font-size: large;\">El glifo Maya que utilizamos para CORECO es precisamente el que corresponde en el Tzolkin al d\u00eda Tz\u2019i. Lo colocamos sobre un caracol que representa el viento, la vida, el movimiento, el encuentro. El color que utilizamos es el rojo que es el lugar de donde nace el sol, el Oriente, donde nace la vida.<\/span><\/span><\/p>\n<p lang=\"es-SV\" align=\"justify\"><span style=\"font-family: Times New Roman,serif;\"><span style=\"font-size: medium;\"><span style=\"font-family: Comic Sans MS,cursive;\"><span style=\"font-size: large;\">Consideramos que la sabidur\u00eda de los mayas nos ayuda a encontrar y fortalecer nuestro camino. Por eso decidimos asumir como s\u00edmbolo de <\/span><\/span><strong><span style=\"color: #800000;\"><span style=\"font-family: Comic Sans MS,cursive;\"><span style=\"font-size: large;\">CORECO<\/span><\/span><\/span><\/strong><span style=\"font-family: Comic Sans MS,cursive;\"><span style=\"font-size: large;\"> el que esta sabidur\u00eda nos ofrece en nuestra fecha fundacional. No es un acto de superstici\u00f3n o de determinismo. Es el trabajo por la armon\u00eda.<\/span><\/span><\/span><\/span><\/p>\n","protected":false},"excerpt":{"rendered":"<p>Nuestra fecha de fundaci\u00f3n en el calendario Gregoriano es el 8 de julio de 1996, la cual corresponde al d\u00eda 13 Tz\u00b4i en el calendario maya (Tzolkin). El d\u00eda TZ\u2019I refiere a: perro, secretario, escritura, justicia, fidelidad, orden, autoridad, guardi\u00e1n de la ley y espiritual. Es el guardi\u00e1n de los cerros y las monta\u00f1as, de las veredas y barrancos, de la justicia y de la vida material y de la vida espiritual. Es gu\u00eda espiritual, noble y practica la justicia social. El glifo Maya que utilizamos para CORECO es precisamente el que corresponde en el Tzolkin al d\u00eda Tz\u2019i. Lo&#8230;<\/p>\n","protected":false},"author":1,"featured_media":0,"parent":7,"menu_order":5,"comment_status":"closed","ping_status":"closed","template":"","meta":{"footnotes":""},"class_list":["post-53","page","type-page","status-publish","hentry"],"_links":{"self":[{"href":"https:\/\/coreco.org.mx\/wordpress\/wp-json\/wp\/v2\/pages\/53","targetHints":{"allow":["GET"]}}],"collection":[{"href":"https:\/\/coreco.org.mx\/wordpress\/wp-json\/wp\/v2\/pages"}],"about":[{"href":"https:\/\/coreco.org.mx\/wordpress\/wp-json\/wp\/v2\/types\/page"}],"author":[{"embeddable":true,"href":"https:\/\/coreco.org.mx\/wordpress\/wp-json\/wp\/v2\/users\/1"}],"replies":[{"embeddable":true,"href":"https:\/\/coreco.org.mx\/wordpress\/wp-json\/wp\/v2\/comments?post=53"}],"version-history":[{"count":4,"href":"https:\/\/coreco.org.mx\/wordpress\/wp-json\/wp\/v2\/pages\/53\/revisions"}],"predecessor-version":[{"id":263,"href":"https:\/\/coreco.org.mx\/wordpress\/wp-json\/wp\/v2\/pages\/53\/revisions\/263"}],"up":[{"embeddable":true,"href":"https:\/\/coreco.org.mx\/wordpress\/wp-json\/wp\/v2\/pages\/7"}],"wp:attachment":[{"href":"https:\/\/coreco.org.mx\/wordpress\/wp-json\/wp\/v2\/media?parent=53"}],"curies":[{"name":"wp","href":"https:\/\/api.w.org\/{rel}","templated":true}]}}

<p lang="es-SV" align="justify"><span style="font-family: Times New Roman,serif;"><span style="font-size: medium;"><span style="font-family: Comic Sans MS,cursive;"><span style="font-size: large;"><img loading="lazy" decoding="async" class="size-medium wp-image-1532 alignleft" src="https://coreco.org.mx/wordpress/wp-content/uploads/logotipo-300x300.png" alt="logotipo" width="300" height="300" srcset="https://coreco.org.mx/wordpress/wp-content/uploads/logotipo-300x300.png 300w, https://coreco.org.mx/wordpress/wp-content/uploads/logotipo-150x150.png 150w, https://coreco.org.mx/wordpress/wp-content/uploads/logotipo.png 514w" sizes="auto, (max-width: 300px) 100vw, 300px" /></span></span></span></span></p>
<p lang="es-SV" align="justify">
<p lang="es-SV" align="justify"><span style="font-family: Times New Roman,serif;"><span style="font-size: medium;"><span style="font-family: Comic Sans MS,cursive;"><span style="font-size: large;">Nuestra fecha de fundación en el calendario Gregoriano es el </span></span><strong><span style="font-family: Comic Sans MS,cursive;"><span style="font-size: large;">8 de julio de 1996</span></span></strong><span style="font-family: Comic Sans MS,cursive;"><span style="font-size: large;">, la cual corresponde al día 13 Tz´i en el calendario maya (Tzolkin).</span></span></span></span></p>
<p lang="es-SV" align="justify"><span style="font-family: Comic Sans MS,cursive;"><span style="font-size: large;">El día TZ’I refiere a: perro, secretario, escritura, justicia, fidelidad, orden, autoridad, guardián de la ley y espiritual. Es el guardián de los cerros y las montañas, de las veredas y barrancos, de la justicia y de la vida material y de la vida espiritual. Es guía espiritual, noble y practica la justicia social.</span></span></p>
<p lang="es-SV" align="justify"><span style="font-family: Comic Sans MS,cursive;"><span style="font-size: large;">El glifo Maya que utilizamos para CORECO es precisamente el que corresponde en el Tzolkin al día Tz’i. Lo colocamos sobre un caracol que representa el viento, la vida, el movimiento, el encuentro. El color que utilizamos es el rojo que es el lugar de donde nace el sol, el Oriente, donde nace la vida.</span></span></p>
<p lang="es-SV" align="justify"><span style="font-family: Times New Roman,serif;"><span style="font-size: medium;"><span style="font-family: Comic Sans MS,cursive;"><span style="font-size: large;">Consideramos que la sabiduría de los mayas nos ayuda a encontrar y fortalecer nuestro camino. Por eso decidimos asumir como símbolo de </span></span><strong><span style="color: #800000;"><span style="font-family: Comic Sans MS,cursive;"><span style="font-size: large;">CORECO</span></span></span></strong><span style="font-family: Comic Sans MS,cursive;"><span style="font-size: large;"> el que esta sabiduría nos ofrece en nuestra fecha fundacional. No es un acto de superstición o de determinismo. Es el trabajo por la armonía.</span></span></span></span></p>

<p>Nuestra fecha de fundación en el calendario Gregoriano es el 8 de julio de 1996, la cual corresponde al día 13 Tz´i en el calendario maya (Tzolkin). El día TZ’I refiere a: perro, secretario, escritura, justicia, fidelidad, orden, autoridad, guardián de la ley y espiritual. Es el guardián de los cerros y las montañas, de las veredas y barrancos, de la justicia y de la vida material y de la vida espiritual. Es guía espiritual, noble y practica la justicia social. El glifo Maya que utilizamos para CORECO es precisamente el que corresponde en el Tzolkin al día Tz’i. Lo&#8230;</p>
